23459?
False
Is 474 a factor of 5346246?
True
Is 10735 a multiple of 5?
True
Does 11 divide 301367?
True
Is 657263 a multiple of 33?
False
Is 1140633 a multiple of 577?
False
Does 4 divide 10640?
True
Is 905 a factor of 2783987?
False
Does 28 divide 450772?
True
Does 513 divide 107649?
False
Is 230 a factor of 220470?
False
Is 583890 a multiple of 4?
False
Is 29927 a multiple of 122?
False
Is 184230 a multiple of 115?
True
Does 30 divide 16197645?
False
Does 8 divide 6941523?
False
Is 80311 a multiple of 2?
False
Is 28 a factor of 285824?
True
Is 187 a factor of 56279?
False
Does 9 divide 86865?
False
Is 186 a factor of 75516?
True
Is 203 a factor of 820736?
False
Is 23787 a multiple of 27?
True
Does 469 divide 761263?
False
Does 358 divide 3839132?
False
Is 1587975 a multiple of 163?
False
Is 96 a factor of 59256?
False
Is 610386 a multiple of 29?
False
Does 597 divide 5070918?
True
Does 197 divide 305153?
True
Is 32 a factor of 20254322?
False
Does 1933 divide 29071012?
False
Is 28 a factor of 5657008?
True
Is 12 a factor of 1012144?
False
Is 2252 a factor of 5048195?
False
Is 196 a factor of 543797?
False
Does 219 divide 24043?
False
Does 21 divide 348012?
True
Is 12087456 a multiple of 37?
True
Does 46 divide 956800?
True
Is 82 a factor of 16198?
False
Is 782053 a multiple of 162?
False
Is 471944 a multiple of 8?
True
Is 9059598 a multiple of 2007?
True
Is 179 a factor of 4429727?
False
Is 1197610 a multiple of 115?
True
Does 59 divide 6667946?
False
Does 11 divide 7449497?
True
Is 487195 a multiple of 139?
True
Is 2892061 a multiple of 27?
False
Is 63 a factor of 1815975?
True
Does 61 divide 576877?
True
Is 6 a factor of 470242?
False
Is 743930 a multiple of 22?
True
Does 90 divide 196830?
True
Is 61155 a multiple of 9?
True
Does 58 divide 117044?
True
Does 19 divide 10252389?
False
Does 10 divide 115920?
True
Is 983758 a multiple of 214?
True
Is 33 a factor of 842787?
True
Is 67184 a multiple of 104?
True
Does 16 divide 46745681?
False
Does 32 divide 4509327?
False
Is 83730 a multiple of 47?
False
Is 3491188 a multiple of 29?
False
Is 38 a factor of 77576?
False
Does 92 divide 31096?
True
Is 13229400 a multiple of 408?
True
Is 9 a factor of 317306?
False
Is 167 a factor of 20207?
True
Is 89529 a multiple of 15?
False
Is 394 a factor of 2121226?
False
Does 13 divide 100476?
False
Does 14 divide 9116072?
True
Is 12030 a multiple of 15?
True
Does 4 divide 1681909?
False
Is 26 a factor of 338676?
True
Is 11 a factor of 5122555?
False
Does 352 divide 13326368?
True
Is 1514430 a multiple of 237?
True
Is 69872 a multiple of 8?
True
Is 11 a factor of 78804?
True
Is 5 a factor of 2717904?
False
Is 41842 a multiple of 179?
False
Is 2908789 a multiple of 301?
False
Is 6 a factor of 59084?
False
Is 426 a factor of 221838?
False
Does 155 divide 198090?
True
Is 11 a factor of 5082?
True
Is 2251760 a multiple of 40?
True
Does 586 divide 4431332?
True
Is 11549 a multiple of 2?
False
Is 3071020 a multiple of 10?
True
Does 53 divide 6793434?
True
Is 12 a factor of 81624?
True
Is 8156 a multiple of 283?
False
Is 14 a factor of 647452?
False
Is 2620912 a multiple of 392?
True
Does 58 divide 328338?
True
Is 3 a factor of 37623?
True
Does 161 divide 5211?
False
Does 2 divide 38758?
True
Is 293 a factor of 99750?
False
Does 158 divide 64081?
False
Does 113 divide 123355?
False
Is 87 a factor of 230898?
True
Does 312 divide 9320185?
False
Is 386922 a multiple of 14?
False
Does 15 divide 15428910?
True
Does 4 divide 62908?
True
Does 50 divide 70837?
False
Does 24 divide 143400?
True
Is 153 a factor of 3639564?
True
Is 12719837 a multiple of 119?
False
Is 1824094 a multiple of 45?
False
Is 25754206 a multiple of 1757?
False
Is 499984 a multiple of 18?
False
Is 3 a factor of 70668?
True
Is 18393 a multiple of 92?
False
Is 20936880 a multiple of 80?
True
Is 16 a factor of 767296?
True
Is 22 a factor of 2460385?
False
Is 40274 a multiple of 66?
False
Is 5 a factor of 146255?
True
Is 355 a factor of 114788?
False
Does 49 divide 3554557?
False
Is 8565 a multiple of 6?
False
Is 61944 a multiple of 87?
True
Does 13 divide 1070431?
False
Is 219120 a multiple of 48?
True
Does 46 divide 2776455?
False
Does 56 divide 215488?
True
Is 348 a factor of 163599?
False
Is 16712234 a multiple of 154?
True
Does 102 divide 324972?
True
Is 32832 a multiple of 57?
True
Is 278 a factor of 696668?
True
Is 5 a factor of 18875?
True
Is 2828540 a multiple of 1196?
True
Is 205 a factor of 277411?
False
Is 2873188 a multiple of 12?
False
Does 43 divide 1107121?
True
Is 1148519 a multiple of 43?
False
Is 6350300 a multiple of 253?
True
Does 135 divide 102195?
True
Does 11 divide 229074?
False
Does 6 divide 2948?
False
Is 746 a factor of 9861?
False
Does 309 divide 651372?
True
Is 9 a factor of 799470?
True
Is 45 a factor of 26190?
True
Does 8 divide 9856?
True
Is 3 a factor of 29792?
False
Does 433 divide 253738?
True
Is 373 a factor of 283480?
True
Is 34 a factor of 51855?
False
Does 6 divide 53105?
False
Is 9 a factor of 483081?
False
Does 11 divide 102952?
False
Does 8 divide 234984?
True
Is 7 a factor of 114032?
False
Is 69122 a multiple of 35?
False
Is 2727155 a multiple of 7?
False
Is 11581845 a multiple of 935?
True
Does 224 divide 7382368?
True
Does 402 divide 668124?
True
Is 5 a factor of 5903230?
True
Is 262413 a multiple of 28?
False
Is 3199115 a multiple of 18?
False
Does 266 divide 54817?
False
Is 26 a factor of 55276?
True
Is 8 a factor of 1084496?
True
Is 54168 a multiple of 12?
True
Is 285120 a multiple of 80?
True
Is 4346409 a multiple of 209?
False
Does 67 divide 99294?
True
Does 242 divide 658431?
False
Is 16649562 a multiple of 2397?
True
Does 156 divide 8545368?
True
Is 9 a factor of 1097298?
True
Is 17066 a multiple of 23?
True
Is 440 a factor of 6610002?
False
Is 104 a factor of 2462304?
True
Is 715 a factor of 1183325?
True
Is 1990858 a multiple of 19?
True
Does 93 divide 3081540?
False
Is 623 a factor of 2256223?
False
Does 872 divide 249719?
False
Does 12 divide 152556?
True
Is 115248 a multiple of 147?
True
Is 65741 a multiple of 5?
False
Is 10877280 a multiple of 129?
True
Is 10 a factor of 147618?
False
Is 476915 a multiple of 28?
False
Is 123 a factor of 15982?
False
Is 87238 a multiple of 8?
False
Does 18 divide 306560?
False
Does 329 divide 335909?
True
Does 336 divide 980573?
False
Is 525 a factor of 9690102?
False
Is 140 a factor of 155680?
True
Is 484560 a multiple of 360?
True
Does 173 divide 5700042?
False
Is 950976 a multiple of 832?
True
Is 308 a factor of 27206372?
False
Does 68 divide 396236?
True
Is 371245 a multiple of 21?
False
Is 87581 a multiple of 32?
False
Is 1055484 a multiple of 27?
True
Does 6 divide 225258?
True
Does 9 divide 66595?
False
Is 61953 a multiple of 3?
True
Is 5289428 a multiple of 44?
False
Is 7 a factor of 1169883?
False
Is 186927 a multiple of 220?
False
Does 182 divide 26936?
True
Is 612 a factor of 146880?
True
Is 22 a factor of 276980?
True
Is 535808 a multiple of 22?
False
Does 2 divide 491691?
False
Is 235 a factor of 1660880?
False
Is 110 a factor of 1479170?
True
Is 7139 a multiple of 15?
False
Is 708330 a multiple of 14?
True
Does 25 divide 3556486?
False
Does 61 divide 46579?
False
Is 368676 a multiple of 77?
True
Is 709 a factor of 731688?
True
Is 2547053 a multiple of 114?
False
Does 357 divide 331918?
False
Does 5 divide 248635?
True
Is 1841148 a multiple of 771?
True
Is 94680 a multiple of 19?
False
Does 23 divide 747035?
False
Does 9 divide 1707?
False
Is 5661468 a multiple of 2356?
True
Is 1422555 a multiple of 15?
True
Is 10058 a multiple of 33?
False
Is 28 a factor of 286589?
False
Does 139 divide 71585?
True
Is 13 a factor of 76453?
True
Is 951023 a multiple of 4?
False
Is 14 a factor of 1253129?
False
Does 686 divide 377300?
True
Does 141 divide 380755?
False
Is 3828924 a multiple of 293?
True
Is 24984528 a multiple of 67?
False
Is 23 a factor of 4242925?
True
Does 15 divide 485914?
False
Does 6 divide 2061608?
False
Does 6 divide 7402?
False
Is 19 a factor of 122359?
False
Is 31 a factor of 30151?
False
Is 56 a factor of 6043523?
False
Does 8 divide 2203576?
True
Is 96951 a multiple of 21?
False
Is 181 a factor of 26527316?
False
Is 6 a factor of 2868493?
False
Does 5 divide 2341945?
True
Is 24432 a mul